-33 (base 13) to base 8
-52
What is 1100000011100110 (base 2) in base 6?
1020342
d36 (base 15) to base 3
11002020
510 (base 13) to base 12
5b6
Convert -1101111 (base 3) to base 13.
-5cb
24623 (base 11) to base 3
1210111112
What is 23834 (base 10) in base 9?
35622
25352 (base 7) to base 8
15055
-10105 (base 6) to base 9
-1745
Convert 2b (base 12) to base 7.
50
-4156 (base 15) to base 16
-35ee
What is -111000111 (base 2) in base 14?
-247
Convert 211063 (base 7) to base 2.
1000111000110011
What is -2ab (base 14) in base 8?
-1037
Convert 2032433 (base 5) to base 7.
166435
-542 (base 7) to base 3
-101012
-499 (base 16) to base 6
-5241
What is -108c (base 14) in base 10?
-2868
-3a9 (base 15) to base 10
-834
-50 (base 11) to base 5
-210
Convert 2904 (base 10) to base 2.
101101011000
What is -121223 (base 4) in base 15?
-748
Convert -3002022 (base 5) to base 2.
-1011100000100001
Convert 3088 (base 12) to base 7.
21263
1031030 (base 4) to base 8
11514
What is 3012000 (base 5) in base 10?
47750
Convert -589c (base 15) to base 3.
-221211010
Convert -4141 (base 11) to base 15.
-1960
What is -22240 (base 5) in base 12?
-aaa
What is 16482 (base 10) in base 2?
100000001100010
What is 211331 (base 4) in base 5?
34204
Convert -201101 (base 4) to base 13.
-c7a
Convert -86 (base 14) to base 6.
-314
Convert 21337 (base 9) to base 7.
56122
Convert 522 (base 9) to base 12.
2b5
What is -a3 (base 12) in base 9?
-146
What is -3121302 (base 4) in base 2?
-11011001110010
What is -1391 (base 16) in base 10?
-5009
What is 10110011110 (base 2) in base 4?
112132
What is 11111010110011 (base 2) in base 12?
9357
-41b2 (base 15) to base 7
-55334
Convert -2225 (base 7) to base 14.
-415
Convert 347 (base 8) to base 16.
e7
What is 4548 (base 12) in base 14?
2b32
Convert -349 (base 12) to base 7.
-1266
What is -111101011011000 (base 2) in base 13?
-11411
What is -1469 (base 11) in base 15?
-860
Convert 641 (base 10) to base 4.
22001
Convert -1e6 (base 15) to base 14.
-237
Convert 100111111 (base 2) to base 6.
1251
Convert -23124 (base 5) to base 10.
-1664
Convert 36ba (base 12) to base 5.
144230
Convert -148c (base 13) to base 5.
-43424
What is -98 (base 16) in base 9?
-178
What is 42c (base 13) in base 2?
1011001010
45552 (base 7) to base 8
26521
What is -220221201 (base 3) in base 2?
-100011100001110
What is 21558 (base 9) in base 10?
14309
Convert -1100000 (base 2) to base 3.
-10120
Convert 1110030 (base 4) to base 13.
25b6
What is 111110100 (base 2) in base 15?
235
Convert -66b4 (base 13) to base 14.
-5327
Convert d3 (base 15) to base 9.
240
-2644 (base 11) to base 2
-110101101100
What is -2750 (base 14) in base 12?
-4016
Convert 122101122 (base 3) to base 10.
12680
What is 61631 (base 8) in base 11?
1817a
-340 (base 5) to base 8
-137
Convert 404 (base 15) to base 12.
634
What is -21662 (base 7) in base 4?
-1111223
-201212 (base 3) to base 9
-655
What is 12341 (base 6) in base 16?
745
Convert -13444 (base 5) to base 4.
-101210
What is 1111222 (base 3) in base 9?
1458
What is 343 (base 8) in base 4?
3203
What is a73b (base 13) in base 8?
55243
What is 9a4 (base 12) in base 7?
4066
220520 (base 6) to base 5
1041321
94c (base 16) to base 5
34010
What is 193 (base 13) in base 15?
144
What is 101121101 (base 3) in base 7?
31354
What is -1111010110100 (base 2) in base 11?
-59a6
What is -a109 (base 13) in base 16?
-5684
-48bb (base 14) to base 4
-3012211
-100221002 (base 3) to base 2
-1110001000110
-73d (base 16) to base 12
-10a5
What is -70348 (base 9) in base 10?
-46214
Convert -2044 (base 6) to base 12.
-324
What is d20 (base 15) in base 10?
2955
What is -1011203 (base 4) in base 11?
-3387
What is -4406 (base 8) in base 6?
-14410
Convert -8c3 (base 13) to base 12.
-a5b
-110111 (base 2) to base 4
-313
-102231 (base 4) to base 6
-5313
Convert -1412 (base 15) to base 9.
-5788
Convert -101110110011 (base 2) to base 10.
-2995
What is 710 (base 11) in base 14?
454
9a6a (base 14) to base 8
64176
Convert -17523 (base 12) to base 11.
-23257
-109 (base 11) to base 3
-11211
What is -11880 (base 10) in base 4?
-2321220
What is 10001101000001 (base 2) in base 9?
13337
Convert -13681 (base 12) to base 10.
-26881
What is -44251 (base 6) in base 11?
-4692
Convert -15a8 (base 16) to base 8.
-12650
What is 200 (base 5) in base 7?
101
What is -236 (base 8) in base 9?
-185
Convert 4424 (base 7) to base 16.
632
-874 (base 10) to base 6
-4014
Convert 4750 (base 10) to base 4.
1022032
2398 (base 14) to base 11
4736
Convert 1000001100 (base 2) to base 5.
4044
Convert -5703 (base 10) to base 7.
-22425
What is 517 (base 10) in base 3?
201011
What is -353 (base 12) in base 5?
-3440
-8712 (base 11) to base 13
-5313
What is -110111000110010 (base 2) in base 11?
-1a216
5151 (base 8) to base 9
3581
12121021 (base 3) to base 6
30524
-1100100100 (base 2) to base 12
-570
What is -120a8 (base 11) in base 2?
-100010000001101
Convert 16914 (base 10) to base 9.
25173
Convert -11534 (base 6) to base 10.
-1714
What is -32a0 (base 12) in base 5?
-134332
What is -2011023 (base 4) in base 3?
-102200200
What is 20d3 (base 14) in base 10?
5673
-213342 (base 5) to base 4
-1302303
What is -2c36 (base 15) in base 2?
-10010100011101
-121a8 (base 11) to base 14
-6570
-35a2 (base 16) to base 11
-a352
What is 31154 (base 6) in base 7?
15112
Convert -2a3 (base 14) to base 5.
-4120
Convert 2441 (base 15) to base 16.
1e1f
-ebee (base 16) to base 11
-41418
-ab (base 12) to base 14
-95
Convert 17e (base 15) to base 2.
101011000
Convert -2043 (base 5) to base 9.
-333
What is -20022311 (base 4) in base 7?
-166361
920 (base 10) to base 11
767
883 (base 12) to base 2
10011100011
Convert -b8c (base 16) to base 9.
-4044
What is -1111111010111001 (base 2) in base 3?
-10022110011
What is 6703 (base 10) in base 8?
15057
1011110101 (base 2) to base 3
1001001
Convert -4210 (base 7) to base 5.
-21402
Convert 2435 (base 7) to base 2.
1110001100
Convert 1212221120 (base 3) to base 9.
55846
-1277 (base 10) to base 4
-103331
600 (base 7) to base 13
198
2210 (base 6) to base 4
13332
Convert 1275 (base 11) to base 5.
23110
What is -511 (base 6) in base 15?
-c7
What is -38444 (base 11) in base 13?
-1c109
234f (base 16) to base 11
6878
What is -544 (base 10) in base 6?
-2304
Convert 21221002 (base 3) to base 11.
4385
bda (base 15) to base 13
12b2
Convert -1102103 (base 4) to base 16.
-1493
-497a (base 12) to base 9
-12344
Convert 116 (base 16) to base 14.
15c
What is -612 (base 7) in base 13?
-1a4
1023320 (base 4) to base 6
34252
Convert -1c0 (base 15) to base 6.
-1513
Convert -1000200 (base 3) to base 10.
-747
Convert -41001 (base 5) to base 15.
-ba1
Convert 121103 (base 6) to base 8.
24577
What is 9c95 (base 16) in base 2?
1001110010010101
What is 10212 (base 4) in base 8?
446
Convert 51052 (base 7) to base 8.
30141
54 (base 13) to base 8
105
Convert -3282 (base 11) to base 16.
-10e5
4553 (base 6) to base 16
435
1480 (base 9) to base 7
3165
What is -110455 (base 6) in base 4?
-2100203
-1005425 (base 6) to base 4
-23230121
345a (base 15) to base 3
120020111
Convert -23320 (base 7) to base 11.
-4558
What is 1b98 (base 12) in base 16?
d64
-4c8 (base 14) to base 10
-960
Convert 1212130 (base 4) to base 12.
3964
Convert -33638 (base 12) to base 10.
-68300
4011 (base 12) to base 5
210200
-113c (base 14) to base 15
-d49
-3201 (base 6) to base 15
-331
What is -43b8 (base 12) in base 6?
-54352
826 (base 15) to base 14
952
What is -b788 (base 12) in base 13?
-9209
What is -2122201211 (base 3) in base 7?
-305314
Convert 257 (base 12) to base 4.
11203
Convert 60a8 (base 11) to base 15.
2604
Convert 56613 (base 7) to base 16.
381f
Convert 68bb (base 12) to base 3.
120222222
-15135 (base 6) to base 5
-34220
1002 (base 13) to base 3
10000110
What is 184 (base 13) in base 14?
15b
What is 363 (base 15) in base 4?
30000
What is -3194 (base 12) in base 8?
-12500
Convert 100000101110100 (base 2) to base 4.
10011310
Convert 1065 (base 12) to base 4.
130031
-2132 (base 5) to base 3
-101211
111313 (base 6) to base 16
24bd
Convert -306 (base 12) to base 16.
-1b6
Convert 1747 (base 10) to base 4.
123103
Convert 1013 (base 6) to base 7.
441
-27211 (base 11) to base 15
-b7a3
-32a9 (base 14) to base 11
-6656
Convert 143 (base 13) to base 3.
22022
-11540 (base 6) to base 9
-231